
37
Let r be (248/(-24))/((-1)/(-9)). Let m = r - -137. List the prime factors of m.
2, 11
Let b(g) = -g + 7. Let a be b(4). Suppose a - 79 = -4*m. Let x = 27 - m. What are the prime factors of x?
2
Let w = -10 - -16. Suppose -4*k + 11 + w = 5*i, i - 21 = -3*k. What are the prime factors of k?
2
Suppose -2*a = -a. Suppose -2*b - 4*h + 16 = -2*h, 2*b - 4*h + 2 = 0. Suppose -p = -b*j + 3*j + 18, -p - 4 = a. What are the prime factors of j?
7
Let a(q) = q**2 - 7*q + 12. Let l be a(8). Let r = l - 12. What are the prime factors of r?
2
Let a = -441 + 647. What are the prime factors of a?
2, 103
Let v be (4/(-6))/(2/(-3)). Let r be 1/(-2)*v*0. Suppose 0*y + 2*y - 6 = r. What are the prime factors of y?
3
Let i = -387 - -656. What are the prime factors of i?
269
Let a(u) = -3*u + 8. Let w(d) = -3*d + 9. Let k(z) = 5*a(z) - 6*w(z). List the prime factors of k(10).
2
Suppose 0 = -2*k - k. Suppose -10 = -5*v - k*v. Suppose 3*c - 28 = -2*m - v*c, c = 2. What are the prime factors of m?
3
List the prime factors of 226 - 21 - 4/(-2).
3, 23
Suppose -f = -0 + 10. Let c = -5 - f. What are the prime factors of c?
5
Suppose 4*g + 2*p = 3*g - 20, 42 = -2*g - 2*p. List the prime factors of (3 + g/6)*-39.
2, 13
Suppose 0 = 5*x - 3*x - 56. What are the prime factors of x?
2, 7
Suppose -5*x - 4 = -24. Suppose -6*h + x*h = -4. List the prime factors of h.
2
Suppose 4*h + 7 = 5*o, 3*h - 5*o + 15 = 6. Suppose 0 = -h*w + 2. Suppose -2*q = 3*r - 3 + w, 5*r + q - 15 = 0. What are the prime factors of r?
2
Let c be -3 + 3 - (-2 + 2). Suppose c = 4*j - m - 60 + 17, 5*m = 25. List the prime factors of j.
2, 3
Let o be 39*-7*(-2)/6. Suppose 2*z + 27 = o. What are the prime factors of z?
2
Let z be (-56)/(-12) - 2/(-6). Suppose 0*q = 3*q, d = 5*q + z. Let k(x) = x**2 - 3*x - 1. List the prime factors of k(d).
3
Suppose -r = -2, -5*k - 101 = -4*r + 732. Let z = -45 + 40. What are the prime factors of (1/3)/(z/k)?
11
Let f = -4 + 14. Let i = f + -5. List the prime factors of i*-1*(-16)/10.
2
Suppose 2*m = 0, -a + 157 = -3*m - 23. List the prime factors of a.
2, 3, 5
Let y(x) = 23*x + 2. Let p(d) = d - 5. Let h be p(7). What are the prime factors of y(h)?
2, 3
Let m(o) = -25*o. What are the prime factors of m(-1)?
5
Let x(u) = u**2 + 6*u - 1. Let i be x(-5). Let q = -6 - i. Suppose q = 4*k - 8. List the prime factors of k.
2
Suppose -2*j + 20 = 2*j. What are the prime factors of j?
5
Suppose -4*j + 3 + 21 = 0. List the prime factors of j.
2, 3
Let i = 0 + 2. Let u be i/(-6) + (-76)/6. Let l = -4 - u. List the prime factors of l.
3
Suppose 5*q = -x + 107, 232 = 5*x + 3*q - 215. List the prime factors of x.
3, 29
Let r(k) = -2*k**2 - k - 9. Let m be r(-7). List the prime factors of 3/(12/m)*-1.
5
Suppose 0 = -5*o + 5*p + 95, 3*o + 3*p - 2*p = 65. Let n = o - 10. What are the prime factors of n?
11
Let p be ((-2 - -1)*-11)/1. Suppose 5*w + 4*l - 58 = 0, -5*l + p = w - 9. What are the prime factors of w?
2, 5
Let o = 6 + -5. Let p = 4 - o. Suppose 0 = -3*s - 4*a + 30, 8*s = p*s + 2*a + 24. What are the prime factors of s?
2, 3
Let a(u) = 16*u + 4. Let g be a(4). Suppose 2*p = -2*p + g. Suppose -y + p = 2. List the prime factors of y.
3, 5
Let p = -18 - -33. List the prime factors of p.
3, 5
Let l = -2 - 1. Let t = l + 7. Let m = t + 14. List the prime factors of m.
2, 3
Let r = 114 - -33. List the prime factors of r.
3, 7
Let c be ((-2)/(-3) + -1)*-6. Suppose -3*j = 4*a - c*a - 73, -3*j - 4*a = -77. What are the prime factors of 4/8 - j/(-2)?
2, 3
Suppose 2*k - 28 = -4*s, -6 = k + s - 21. List the prime factors of k.
2
Let y(s) = s**3 + 2*s**2. Let l be y(-2). Suppose 3*p + a - 39 = -l*p, -p + 13 = -3*a. List the prime factors of p.
13
Let g(b) = b**3 - 4*b**2 - 5*b. Let k be g(5). Suppose -2*x + 28 = -k. What are the prime factors of x?
2, 7
Suppose -5*g + 112 + 93 = 0. What are the prime factors of g?
41
Let a be (-20)/50 - 32/(-5). Suppose -2*q - 76 = -a*q. List the prime factors of q.
19
Let a = -9 - -12. What are the prime factors of a?
3
Let f(y) be the second derivative of -y**5/20 + 3*y**4/4 - y**3 - 5*y**2 - 4*y. List the prime factors of f(8).
2, 3
List the prime factors of (38/3)/((-13)/(-39)).
2, 19
Let o(t) = 7*t - 8. Let m(n) = 3*n - 4. Let r(h) = 15*m(h) - 6*o(h). What are the prime factors of r(8)?
2, 3
Suppose -13 = 3*y - 88. Let o = 44 - y. List the prime factors of o.
19
Let u(m) = m**3 - 10*m**2 + 11*m + 11. Let p be u(9). Suppose -z + p = 4*l, 2*l - 5*z - 23 = l. List the prime factors of l.
2
Suppose 2*z = z + 11. Suppose -m + z = 1. What are the prime factors of m?
2, 5
Let d(g) = g**3 + g**2 - g + 5. Let y be d(0). Let a = 17 - 17. Suppose 0 = y*i - a*i - 90. List the prime factors of i.
2, 3
Let a = 5 + -8. Let c be -1 + a - -1 - 4. Let f = 18 + c. What are the prime factors of f?
11
Let x(n) be the first derivative of n**2/2 - 2*n + 4. Let y be x(4). What are the prime factors of 0 + y/1 + 19?
3, 7
Let z(v) = 4*v**2 + 43*v - 12. What are the prime factors of z(-13)?
3, 5, 7
Let w be (2 - 1)*(6 - 1). Suppose 3*x = w*d, 3*x = d + x + 7. What are the prime factors of d?
3
Let a(q) = -q - q - 4*q + 7 + q**2. Let z be a(5). Let y(i) = 4*i - 2. What are the prime factors of y(z)?
2, 3
Suppose 0 = -2*u + u. Let s be -2 + (-41 + u)*-1. Suppose l = -2*l + s. List the prime factors of l.
13
Suppose 0 = -3*v + 73 + 131. List the prime factors of v.
2, 17
Suppose 0 = -i + 1, 5*r + 5*i - 369 = i. List the prime factors of r.
73
Suppose -2*q = 1 + 1, -5*g + 4*q + 64 = 0. Let u(s) = s**3 - 12*s**2 + 3*s - 10. What are the prime factors of u(g)?
2, 13
Let x = -108 - -313. List the prime factors of x.
5, 41
Let v = -27 - -37. What are the prime factors of v?
2, 5
Suppose 0 = -2*k + k - 13. Let u = k - -21. List the prime factors of u.
2
Suppose 0 = -3*d, d = x + 4*d - 110. What are the prime factors of x?
2, 5, 11
Suppose 2*d = 7*d - 280. List the prime factors of d.
2, 7
Suppose 4*x = -5*x + 576. What are the prime factors of x?
2
Suppose -5*u + 364 = -b + 22, 5*u = -3*b + 334. List the prime factors of u.
2, 17
Suppose m - 197 = -f, 0 = 4*f + f + 20. What are the prime factors of m?
3, 67
Let p(h) = h**3 + h**2 + 2*h - 2. Suppose 0 = -k + 2*t - 0*t, 4*t = k + 2. Suppose i = -0*i + k. What are the prime factors of p(i)?
2, 7
Let l be (-4)/(-10) + (-388)/20. Let o = -7 - l. List the prime factors of o.
2, 3
Let s = 171 - 80. What are the prime factors of s?
7, 13
Suppose 4*p - 15 = -l, 2*l = 4*p + 42 - 12. Suppose -2*a = -a - l. List the prime factors of a.
3, 5
What are the prime factors of 4/((-20)/(-845)) - -1?
2, 5, 17
Let o(z) = -z**3 + 5*z**2 - 2*z + 4. Suppose -m = 3*m - 16. List the prime factors of o(m).
2, 3
Suppose -15*a = -17*a + 24. List the prime factors of a.
2, 3
Let t(n) = 2 + 2*n**2 - 3 + 3*n**2. Let c be t(3). List the prime factors of (1/(-2))/((-2)/c).
11
Suppose 0 = z + z - 4*p, 3*p = -4*z + 22. Suppose z*c - 1 = 31. Suppose -c = -3*x - x. What are the prime factors of x?
2
Suppose -5*f + 50 = -4*g, 3*g + 33 = f + 2*f. What are the prime factors of (8 - f)/(2/17)?
17
Let y be (6/8)/(4/16). Let j(z) = z**3 - 3*z**2 + z + 3. List the prime factors of j(y).
2, 3
Suppose k - 2 = 1. Suppose 0*g = 2*g - 4*a - 24, 5*a = -2*g + 15. Let t = g + k. What are the prime factors of t?
13
What are the prime factors of (-8)/6*(-49 + -5)?
2, 3
Let t(y) = 15*y - 14. List the prime factors of t(5).
61
Let w(k) = k**3 - k**2 - 2*k + 4. Let g be ((-3)/2)/(2/(-4)). List the prime factors of w(g).
2
Let v be ((-16)/10)/(4/20). Let u(z) = -z - 4. List the prime factors of u(v).
2
Let y(w) be the second derivative of -w**3/6 + w**2 - 2*w. Let q be y(-6). Suppose 3*p - 23 = -q. What are the prime factors of p?
5
Let o(f) = -7*f + 2*f + 3*f**2 - 5*f**2 + f**2. Let x(k) = -4*k. Let m be x(1). List the prime factors of o(m).
2
Suppose 3*s - 2*y + 13 = 0, -3*y - 4 = -s - 13. What are the prime factors of ((-1)/2)/(s/36)?
2, 3
Let m = 68 - 5. List the prime factors of m.
3, 7
List the prime factors of (-2 + -1)/9*-9.
3
Let c = 5 - -1. Let t be ((-10)/3)/(c/45). Let b = -17 - t. List the prime factors of b.
2
Suppose -3*g + 4*t + 133 = 0, 4*g - 131 = -2*t + 17. What are the prime factors of g?
3, 13
Let u(t) = 2*t - 1. Let g be u(3). Suppose -4*z = 2*o - 7*o + 16, -2*z + 22 = g*